14 + r/14. Suppose l*q = 5*q - 12. Calculate the remainder when 10 is divided by q.
4
Let p(w) = w**3 + 3*w**2 - 20*w + 6. Calculate the remainder when p(-6) is divided by (6/(-9))/(2/(-15)).
3
Let w be 1*10*(-1)/(-1). What is the remainder when 4263/91 - (-4)/26 is divided by (-4)/w + 62/5?
11
Let j(u) = -u**3 + 11*u**2 - 13*u - 4. Let z(y) = -3*y**3 + 34*y**2 - 40*y - 11. Let v(c) = -7*j(c) + 2*z(c). What is the remainder when v(8) is divided by 16?
14
Let g(d) = -9*d - 10. Let c be g(14). Let k = 205 + c. Calculate the remainder when k is divided by 18.
15
Let z = 158 - 112. What is the remainder when z is divided by 16?
14
Let m = -5 + 8. Suppose -12 = -5*u + 3*x, m*u + u + 5*x = 17. Suppose 0 = -4*h - 5*t + 5, -3*h + 0*t = 2*t - 9. What is the remainder when h is divided by u?
2
Let r(y) = y - 6. Let q be r(3). Let b = q + 10. Let x = -4 + 7. Calculate the remainder when b is divided by x.
1
Let f = -99 - -100. Let s(m) = -2*m - 7. Calculate the remainder when s(-5) is divided by f.
0
Suppose 20 = 4*a, 4*r - 7*a - 131 = -2*a. What is the remainder when r is divided by 20?
19
Let g = 115 - 60. Suppose 0 = -5*c + 125 + 70. Let y = c + -20. What is the remainder when g is divided by y?
17
Let p(u) = 4*u + 6*u**2 - 4 + u**2 + 12 + u**3. Let n be p(-6). Suppose b + w = 16, -4*w + 0*w = -2*b + n. Calculate the remainder when 41 is divided by b.
13
Suppose 4*r - r = 192. Let k = 97 - r. What is the remainder when k is divided by (-266)/(-30) - (-8)/60?
6
Suppose -3*n + 18 + 48 = 0. What is the remainder when 109 is divided by n?
21
Let g(y) = 2*y**2 - 8*y. Let s be g(8). Suppose 0 = 3*n - 12, 2*h + 3*n = -2*h + s. Let z = 3 - -2. What is the remainder when h is divided by z?
3
Let f(r) = -r**3 + 3*r**2 + 1. Let s be f(4). Let h = s + 19. Calculate the remainder when h is divided by 3.
1
Let v(m) = -m**3 + 6*m**2 + 3*m - 2. Let d(s) = 3*s. Let b be d(1). What is the remainder when v(b) is divided by 18?
16
Let s be (-2)/1 + (-10)/(-2). Suppose -s*k + 18 = -0*k. What is the remainder when ((-6)/(-3))/(k/75) is divided by 13?
12
What is the remainder when 13 is divided by (-8)/2 - (-13 + 2)?
6
Let s(f) = -106*f + 19. Calculate the remainder when s(-2) is divided by 13.
10
Suppose 4*y = 12 - 0. Suppose 0*m + 9 = -3*m, 0 = -3*c + y*m + 54. What is the remainder when 51 is divided by (-264)/(-10) - 6/c?
25
Suppose -6 = -f + u - 6*u, -3*f - 2 = -5*u. Suppose 0 = 3*o - 2*n - 22, 0 = -5*o + 4*n + 21 + 17. What is the remainder when o is divided by 4/(f - (0 - 0))?
2
Let y = 23 - 16. Calculate the remainder when 27 is divided by y.
6
Suppose -3*t + 270 = -5*m, -3*m + 6*m = 2*t - 179. Suppose 0 = -2*d + 7*d - t. What is the remainder when 48 is divided by d?
14
Let i(m) = m**3 + 9*m**2 + 6*m - 8. Let y be i(-6). Suppose 71 = -3*c - y. What is the remainder when -2 + (-1 - c) + 3 is divided by 12?
9
Suppose 3*i - 46 = 32. What is the remainder when 75 is divided by i?
23
Let i(v) = 7*v - 1. Let y be i(3). Let b = -11 + y. Let m(d) = -d**2 + 10*d + 4. Calculate the remainder when m(7) is divided by b.
7
Let v(i) be the first derivative of i**4/4 + 7*i**3/3 - 7*i**2/2 - 6*i + 8. Calculate the remainder when v(-6) is divided by 19.
15
Let h(u) = u**3 - 8*u**2 - 4*u + 6. Let r be h(8). Let b(w) = 9*w - 1. Let d be b(6). Let a = r + d. Calculate the remainder when a is divided by 14.
13
Let y(x) = -1 + 39*x**2 - 11*x**2 + 16*x**2. Let k be y(2). Calculate the remainder when k/5 + -2*1 is divided by 17.
16
Suppose 5*d - 6*d + 20 = -4*a, 2*d - 2*a = 46. Let y = 50 - d. What is the remainder when y is divided by 9?
8
Let p(d) = 3 + 1 - 2*d + 9*d - d**2 + 1 - d**3. Calculate the remainder when p(-4) is divided by 13.
12
Suppose 3*x + 2 = -4*u + x, 2*x + 4 = -3*u. Suppose -14 - 28 = -4*z - u*m, -24 = -z - 5*m. Calculate the remainder when 15 is divided by z.
6
Let j be 2 + 1 + 2/1. Suppose -j*r - 45 + 158 = 2*c, 0 = 2*c + r - 93. Calculate the remainder when c is divided by 15.
14
Calculate the remainder when 99 is divided by 80/14*7/2.
19
Suppose -8*m + 7*m - 33 = 0. Let x = m - -46. What is the remainder when 49 is divided by x?
10
Suppose 3*w = i + 27 + 550, 0 = 4*i - 8. Suppose w = 3*v + 13. What is the remainder when v is divided by 21?
18
Let o(k) = -82*k + 80*k + 4 + 0. Let c = 12 - 1. What is the remainder when o(-8) is divided by c?
9
Suppose 4*m - 2 - 10 = 0. Suppose -v + 4*p = m*p - 4, -12 = -3*v + p. Suppose -3 = -3*s + 15. Calculate the remainder when s is divided by v.
2
Calculate the remainder when (-4 + -1)/(13 + -14) is divided by 4.
1
Let b(x) = -x**3 - 10 - x - 3*x + 5*x**2 + 3*x**2. Calculate the remainder when b(7) is divided by 7.
4
Calculate the remainder when 14 is divided by (-3)/(-12) - 39/(-4).
4
Suppose -2*o - 227 = -3*t, -4*o = 4*t - 0*o - 336. Calculate the remainder when t is divided by 8.
7
Suppose -5*r - 1 = -4*r, -3*y + 19 = -4*r. Suppose 0 = x - i - 13, -47 = -2*x + y*i - 15. Calculate the remainder when x is divided by 4.
3
Let c = -6 - -11. Let w(r) = -r**3 + r**2. Let g be w(1). Suppose -z + 3*z - 26 = g. What is the remainder when z is divided by c?
3
Let a be 1*(-1 + (-1 - -2)). Suppose 0 = x + 3, a = o - 4*o + x + 198. Calculate the remainder when o is divided by 22.
21
Let t = 1 + -7. Calculate the remainder when (-44)/t*(-9)/(-6) is divided by 2.
1
Let h(b) = -b**2 + 11*b + 16. Calculate the remainder when 65 is divided by h(9).
31
Suppose f - 36 = 2*g, -80 = -2*f + 2*g - 6*g. Let u = -41 - -61. What is the remainder when f is divided by u?
18
Suppose -28 - 52 = -8*w. Calculate the remainder when 39 is divided by w.
9
What is the remainder when ((-28)/(-12))/(-2 + (-134)/(-66)) is divided by 27?
23
Suppose -4*b = -2*b - 36. Let i = -10 + b. Calculate the remainder when 23 is divided by i.
7
Let b(w) = -17*w + 3. Let k be b(3). Let t = k - -99. Calculate the remainder when t is divided by 27.
24
Let h = -18 - -19. What is the remainder when 1 is divided by h?
0
What is the remainder when (0 + 1)/((-3)/(-147)) is divided by 13?
10
Suppose 62 + 20 = 2*l. Let b = l + -25. Calculate the remainder when 46 is divided by b.
14
Let v(d) = -d + 9. Let w be v(7). Suppose y - 222 = -w*y. Calculate the remainder when y is divided by 25.
24
Suppose 0 = -3*z - 4*b + 290, 3*z + 12 = -3*b + 300. What is the remainder when z is divided by 24?
22
Let l = -7 + 1. Let d be (0 - -9)*l/6. Calculate the remainder when 43 is divided by 8 + d/(-4 + 1).
10
Suppose 3*n - 15 = 0, -2*n - 156 = 3*o + 26. Calculate the remainder when (-4)/10 + o/(-10) is divided by 4.
2
What is the remainder when (-3)/(-4) - (-567)/12 is divided by 17?
14
Suppose -2*o - 120 = -3*v - 5*o, v - 5*o - 10 = 0. Suppose -6*k = -k - v. Let u = 28 - 9. What is the remainder when u is divided by k?
5
Suppose 116*t + 178 = 118*t. What is the remainder when t is divided by 23?
20
Let r(h) = -h**3 - 9*h**2 - 10*h - 5. What is the remainder when 20 is divided by r(-8)?
9
Suppose 0 = 4*o + 5 + 7. Let j = 0 - o. What is the remainder when (-54)/j*(-8)/6 is divided by 13?
11
Let r(s) = s**2 - 8*s + 2. Let u be r(9). Suppose u = 2*n - 19. Calculate the remainder when 59 is divided by n.
14
Suppose -4*i = -2*r - 150, -19 - 16 = -i + r. Calculate the remainder when i is divided by 14.
12
Let g = -36 + 22. Calculate the remainder when 25 is divided by 1*(2 - (3 + g)).
12
Suppose 65 = 3*p + 4*a, 3*p + 40 = 6*p - a. Let o = p + 35. Suppose -5*v + 7 = -78. Calculate the remainder when o is divided by v.
16
Suppose q = 3*t - 162, -t = -2*q + 7*q - 54. Calculate the remainder when 215 is divided by t.
53
Let w(o) = -o**2 - 11*o - 4. Let m be w(-11). Let r = m - -26. What is the remainder when 86 is divided by r?
20
Let a = -23 - -29. Let t(p) = 11*p - 4. Calculate the remainder when t(a) is divided by 16.
14
Suppose 9*l - 186 = 3*l. Let q be 56/12 - 2/(-6). Suppose q*d = -3*b + b + 42, -2*b = 2*d - 30. Calculate the remainder when l is divided by b.
9
Suppose 0 = 3*m + f - 119, -m + 45 = 2*f - 3*f. Let t = m - 22. What is the remainder when 36 is divided by t?
17
Let i = 12 - 8. Suppose -4*p = -i - 64. Let z(f) = f**3 + 6*f**2 + 3*f - 1. What is the remainder when p is divided by z(-5)?
8
Let g(i) = -9*i**2. Let z be g(1). Let p = 6 - z. What is the remainder when 29 is divided by p?
14
Let q 